by 7?
5
Suppose 0*r + 150 = 3*r. Let u = 561 - 544. Calculate the remainder when r is divided by u.
16
Let c = 28 - 27. Calculate the remainder when 98 is divided by (0 - -32) + (1 + c)/2.
32
Let u be (2/(-6))/((-2)/(-114)). Suppose -5*x - 238 = -613. Let v = u + x. What is the remainder when v is divided by 19?
18
Let c = -1 - 3. Let j = c - -14. Let x = -145 + 162. Calculate the remainder when x is divided by j.
7
Let c(q) = -7*q**2 + 25*q + 33. Let n(k) = -3*k**2 + 13*k + 17. Let w(f) = 2*c(f) - 5*n(f). Calculate the remainder when 29 is divided by w(17).
14
Let v = -49 + 105. Suppose v = t - 51. Suppose 5*n + 13 = 148. Calculate the remainder when t is divided by n.
26
Suppose -8 = -5*t + 17. Suppose 5*i - 25 = -3*c, 5 = -t*i + 2*c + c. Suppose -i*p = 2 + 2, 0 = -3*x + 3*p + 12. What is the remainder when 5 is divided by x?
1
Let m be 4 - (-5)/((-20)/(-276)). Suppose 7 = 5*w - m. Calculate the remainder when w is divided by 5.
1
Suppose -4*g + 11 = u, 5*g - 5*u + 2 = -u. Suppose 3*s + 220 = 4*w + 6*s, w - 50 = -g*s. What is the remainder when w is divided by 12?
10
Let j(g) = 7*g**2 - 71*g - 249. What is the remainder when ((-3)/2)/1*-86 is divided by j(-3)?
21
Let i = 31 + -26. Let w(d) = -d + 13. Calculate the remainder when w(i) is divided by 3.
2
Let t = -48 - 28. Let c = 53 - -76. Let j = t + c. What is the remainder when j is divided by 14?
11
Let j(v) = 26*v**2 + 4*v - 8. Calculate the remainder when j(2) is divided by 20/(-2)*7/(-2).
34
Let r be 66/8 + (-1)/4. Let p = r - 4. Calculate the remainder when (1/(-4))/(6/(-240)) is divided by p.
2
Suppose 50*a = 43*a + 133. What is the remainder when a is divided by 16?
3
Suppose -4*n = -8, -4*n = -11*z + 16*z - 2798. Calculate the remainder when z is divided by 56.
54
What is the remainder when 323 is divided by (-18*2/14)/((-1)/7)?
17
Let a = 186 + -172. Calculate the remainder when 82 is divided by a.
12
Suppose -2*w - 3*j - 3 = w, w = 2*j + 2. Suppose w = 3*a + 327 + 456. Calculate the remainder when -2*(-1 + a/6) is divided by 23.
20
Let p be 3 + -1*(3 - 1). Suppose -h = a - 15, -4*a = -5*h - 0*h + 39. What is the remainder when h is divided by 2 + p/3*3?
2
What is the remainder when 5/(-6) + 38294/492 is divided by 24?
5
Let c = 5 + 2. What is the remainder when (-1035)/(-55) + (-8)/(-44) is divided by c?
5
Suppose 4*l = -5*a + 152, 3*a - 26 = -l + 5. Calculate the remainder when 128 is divided by l.
42
Suppose 19 = l + 4*w, -25 = -l - 0*w + 2*w. Let t = 37 - l. Calculate the remainder when 81 is divided by t.
11
Let m = 113 + -62. Let t = -4375 - -4382. Calculate the remainder when m is divided by t.
2
Suppose 2*f = 5*q - 63, 0 = 2*q + 12*f - 15*f - 34. What is the remainder when q is divided by (-64)/(-6) + 1/3?
0
Let i = 6 - 2. What is the remainder when (1/4)/(11/176) is divided by i?
0
Let x(y) = 4*y**2 - 21*y + 23. Calculate the remainder when 106 is divided by x(6).
24
Let p(s) = s**2 + 9*s - 155. What is the remainder when p(-22) is divided by 130?
1
Suppose 25*s - 12*s = 832. Calculate the remainder when s is divided by 10.
4
Suppose 3*b + 18 + 6 = -y, b - 5*y = -8. Let h = 3 - b. What is the remainder when h is divided by 2/20 - (-56)/(-80)*-7?
1
Let g = 1 + 12. Suppose -2*j = 5*z - 20, -z + 2*j = 2*z + 4. Suppose -u + z*u = g. Calculate the remainder when 50 is divided by u.
11
Suppose -2*v + 32 = 2*w, 2*v - w - 11 - 15 = 0. Let k(z) = -4*z - 3 - z**2 + z**3 + 9*z - 2*z**3. What is the remainder when k(-4) is divided by v?
11
Let c(u) = -4*u**2 - 77*u - 7. What is the remainder when c(-17) is divided by 111?
35
Suppose -h - 124 = -3*n, 708*n - 713*n - 2*h + 225 = 0. Calculate the remainder when 242 is divided by n.
27
What is the remainder when 1/2 - (-7 + (-4802)/28) is divided by 95?
84
Let x(q) = 16 - 15*q + 0*q**2 - q**2 + 0*q**2 + 2. Calculate the remainder when x(-14) is divided by (31 + -3)/(-4)*-1.
4
Let k(c) be the third derivative of 5*c**4/24 - 11*c**3/6 + 24*c**2. Calculate the remainder when 23 is divided by k(4).
5
Let m = 639 + 127. Suppose 2*n = -5*a + m, a - 2*n - 81 = 77. Calculate the remainder when a is divided by 39.
37
Let k(d) = -2*d - 15 + 0*d + 7. Let c = 100 + -111. Calculate the remainder when k(c) is divided by 8.
6
Suppose -408 = -9*l + 6*l. What is the remainder when l is divided by 22?
4
Let v(x) = -x**3 - 9*x**2 + 21*x + 9. Let h be v(-11). Calculate the remainder when 5 + 5/h*0 is divided by 3.
2
Let r = -28 - -17. Let q = r - -20. Calculate the remainder when 63 is divided by (0 + 33)*6/q.
19
Let f(u) = 2*u**2 - 10*u + 13. Let l = 9 - -4. Calculate the remainder when l is divided by f(3).
0
Let z(x) = -2*x**3 + x**2. Calculate the remainder when z(-3) is divided by (-3 + 4)*-1 - -33.
31
Let p = 931 + -917. What is the remainder when 376 is divided by p?
12
Suppose -50 = 2*v - 7*v. Suppose 0 = -v*n + 51 + 49. What is the remainder when 19 is divided by n?
9
Suppose -108*u + 147*u = 14508. What is the remainder when u is divided by 69?
27
Let w(q) = q**2 + q - 2. Let t be w(-4). Suppose -4*x = -5*z + 47, t + 9 = 4*z + 3*x. Let g(f) = 13*f - 6. Calculate the remainder when g(3) is divided by z.
5
Suppose 5*j = 107 - 12. Suppose 3*g - 7*g = 0. Suppose -5*l + 15 = g, 0 = -5*t - 4*l - l + 40. What is the remainder when j is divided by t?
4
Let z = -2106 + 2177. Suppose 30 + 6 = 2*d + m, 0 = 5*m. What is the remainder when z is divided by d?
17
Suppose -4*p - p = -560. Let n = 119 - p. What is the remainder when 117 is divided by n?
5
Let m = 0 + 2. Let d be (-16)/(-6) - 24/36. Suppose -j + m*o + 16 = o, -49 = -3*j + d*o. Calculate the remainder when 33 is divided by j.
16
Suppose 4*y - 265 = -3*w + 2, -y + 53 = -2*w. What is the remainder when y is divided by 33?
30
Let s(r) = -26*r + 395. Calculate the remainder when 90 is divided by s(14).
28
Suppose 3*o + 1 = 19. Suppose -11*k + 248 - o = 0. Calculate the remainder when k is divided by 6.
4
Suppose -5*f - 8 = -7*f + 4*r, 2*f - 6 = 5*r. What is the remainder when 54 is divided by f?
6
Suppose 3*g - 11 = -2*z, 4*g - 5 = -2*z - g. What is the remainder when (5/z)/(2/164) is divided by 14 - -9*(-4)/12?
8
Let a(q) = -q**3 - 27*q**2 - 50*q + 1. Calculate the remainder when 10 is divided by a(-25).
0
Let w(k) = 4*k + 173. Calculate the remainder when w(26) is divided by 8.
5
Suppose 2*o = 30 - 18. Calculate the remainder when 55/(-10)*(-2 + -4) is divided by o.
3
Let n be -17 + 8 + (1 - 0). Suppose -4*z + 62 = -z - x, -16 = -4*x. Calculate the remainder when ((-82)/4)/(n/16) is divided by z.
19
Suppose -u - 85 = -2*k + 118, -3*k - 4*u + 321 = 0. Suppose -248 - k = -3*m. Calculate the remainder when m is divided by 12.
9
Let c(y) = 14*y**2 + 4*y + 18. What is the remainder when 654 is divided by c(-3)?
126
Let m = -880 - -914. Calculate the remainder when 164 is divided by m.
28
Let n(r) = r**3 + 11*r**2 - 6*r + 9. What is the remainder when n(-11) is divided by 39?
36
Suppose -2*t + 14 = -6. Suppose 0 = -7*f + t*f - 219. What is the remainder when f is divided by 38?
35
Suppose -k = -3*s + 10, k = -4*k - 2*s - 33. Suppose 0 = -19*t + 91 + 4. Calculate the remainder when 9/(-6)*(1 + k) is divided by t.
4
Let g(w) = -w**2 + 17*w - 4. Let y be g(16). Let t = y + -6. What is the remainder when 22 is divided by t?
4
What is the remainder when 515 is divided by (-4)/(-24) - 1341/(-54)?
15
Let q = -34 - -39. Suppose -4 = -z - 2*d, -q*d = -d. Calculate the remainder when z is divided by 2.
0
Suppose 223 = -g - 169. Calculate the remainder when ((-3)/(-6))/(1/g*-4) is divided by 19.
11
Let p = 27 + -17. Let o = p + -10. Suppose -2*q + 96 = -o*q. What is the remainder when q is divided by 25?
23
Let y = 14 - 26. Let l = y + 38. Let m(w) = -w**3 + 11*w**2 - 10*w - 11. What is the remainder when m(8) is divided by l?
23
Let h be (-9)/15 + (-6)/(-10). Suppose 0 = -4*g - h*g + 32. What is the remainder when g is divided by 6?
2
Let d = -17 - -106. Calculate the remainder when d is divided by 24.
17
Calculate the remainder when 15 is divided by -1*(3 - 5/(20/64)).
2
Suppose 5*d + 6 = -2*p + 3*d, -5*d = -5*p + 15. Suppose p*t = -7*t + 63. Calculate the remainder when (-2)/(3/((-225)/6)) is divided by t.
7
Suppose -1543 = -3*u - 2*g, -u + 4*g + 521 = 3*g. What is the remainder when 528 is divided by u?
11
Let